t f be (-6)/10 - (-336)/10. Let y = 28 + f. Suppose -2*h + y = -453. Is h a prime number?
True
Let u(l) = -l - 3. Let w be u(-8). Suppose 0 = -w*v + 2111 + 564. Is v prime?
False
Let m = 6805 + -824. Is m a composite number?
False
Let c(r) = -9*r - 2 + 9 + 5*r - r**2. Let v(g) = -g**2 - 5*g + 7. Let p(f) = 2*c(f) - 3*v(f). Is p(5) a composite number?
False
Suppose 0 = -p - x - 13, 3*x = 3*p + 4*x + 31. Is 8/(-36) - 1145/p a prime number?
True
Suppose -14*d + 22583 = -11*d + 4*m, 4*d = -3*m + 30113. Is d prime?
True
Let l(f) = -17*f**2 - 10*f - 27. Let b(w) = 8*w**2 + 5*w + 14. Let h(t) = 7*b(t) + 3*l(t). Is h(-10) a composite number?
False
Suppose -3*u - 6 = 5*c, 3*c + 2*u + 3 = -1. Let j be (c/3)/1*1. Suppose 3*m = 5*o + 4*m - 29, j = 2*o - 5*m - 17. Is o a prime number?
False
Let d be 4/(-10) + ((-492)/(-5) - -3). Suppose -4*z = -2449 + d. Is z prime?
True
Let p = 110 - 164. Let t = -19 - p. Is (5 - 3 - 0) + t a composite number?
False
Suppose 5*q + 4*b = -192 + 541, q - 93 = 5*b. Let j be (q - -3) + 0 - -3. Is (3 + -3 + 1)*j a composite number?
False
Suppose g = 5*g - 8. Let i be g/1 - 0 - 0. Suppose 3*c + 634 = i*m + 138, -4*m + 1012 = 4*c. Is m a prime number?
True
Let c be 20/(-70) + 2/7. Suppose c = 4*w - 2*w - 20. Is 255/w - (-2)/4 a composite number?
True
Let k be ((-1)/2)/(2/(-8)). Let p(s) = -5*s - 52. Let o be p(-11). Suppose a = o*g + 335, 0*a - 686 = -2*a + k*g. Is a a prime number?
True
Let u(s) = 14*s**2 - 5*s - 14. Let v be u(-6). Let f = v + 367. Is f a composite number?
False
Suppose 0 = -4*l + 2*j + 28778, 2*l - j - 2*j = 14395. Is l composite?
False
Suppose 47*j - 55*j = -12424. Suppose a - 3114 = -2*g + 5*a, -4*a - j = -g. Is g composite?
True
Suppose -39*f = -27*f - 8796. Is f a composite number?
False
Let y be (12/15)/(2/20). Is (2/3)/(y/1956) a prime number?
True
Suppose -44693 = -b - 3*c - 2547, 3*c = 5*b - 210676. Is b prime?
False
Let z(r) = 3*r**2 - 8*r + 0*r - 2*r + 4 + 2*r. Let o be z(5). Suppose 805 = o*l - 34*l. Is l prime?
False
Suppose -3*x + 3326 = -2*a, 0 = a - 1 - 4. Suppose 2*h - 89 = p - x, p + 2*h = 1031. Is p composite?
True
Let a = -1900 - -3635. Is a a prime number?
False
Suppose -22*t - 385682 + 1025640 = 0. Is t a prime number?
False
Let b be 3 + 1 + -2 + 0 - -3. Suppose 3016 = b*n - 3279. Is n a prime number?
True
Suppose -4*w + 20 = 5*x + w, 5*x + 3*w - 26 = 0. Suppose 119 = -6*l + x*l. Is l a composite number?
True
Suppose -2*s + 32 = -40. Suppose -2*d + s = 4*d. Is (d + -79)/((-1)/3) prime?
False
Suppose -2*d - 2*d - 3*t + 43570 = 0, t = -5*d + 54457. Is d a prime number?
True
Is -10*2*5471/(-4) prime?
False
Suppose 13*s - 19635 - 98548 = 0. Is s composite?
False
Suppose -5*y + 14 - 4 = 0. Suppose 4*i - y*b - 3346 - 2064 = 0, 4*b = -4*i + 5440. Is i composite?
True
Let r = 2238 + 701. Is r composite?
False
Let p be (57666/(-9))/(10/(-15)). Let i = -6750 + p. Is i a prime number?
True
Suppose -2*c + 5 = 3*j, 4*c + 9*j = 4*j + 11. Let v = 4 - c. Suppose -2*g + 3*g - 1405 = v. Is g a composite number?
True
Let k(j) = j - 2. Let z be k(2). Suppose z = -b - 6*b + 1771. Is b prime?
False
Let s = 47 + -45. Suppose 1413 = k + s*k. Is k a prime number?
False
Let l(t) = -t**3 + 5*t**2 + 7*t + 3. Let a be l(6). Suppose a*b - 16*b = -12271. Is b a prime number?
True
Let q(o) = 2*o**3 - 5*o**2 + 5*o - 1. Let b be q(2). Suppose 0 = b*p + 2*v + 298 - 3081, v = -4*p + 2227. Is p prime?
True
Suppose -5*w - 2*k = 235 + 750, 0 = 2*k. Suppose -25 = -5*d, -3*d + 2*d = 5*l + 165. Let u = l - w. Is u prime?
True
Suppose 1954 = 2*h + 5*p, -2*p + 3736 = 4*h - 172. Is h a composite number?
False
Let c be -1 + (-3)/(-1) + -1. Let y be (59 - 1) + c + -4. Suppose -b + 5*w = -154, -4*w - 98 = -b + y. Is b prime?
True
Suppose -6 = -4*x + 2*x. Suppose -v = -5*w + w + 2070, 0 = 3*w - x*v - 1557. Is w a composite number?
True
Is (2579/(-1))/((-4 - -9)/(-5)) a composite number?
False
Let n be (-834)/((6/5)/3). Let w = -1334 - n. Is w a prime number?
True
Suppose 2*m - 145 - 3687 = 0. Let s = 6357 - m. Is s a prime number?
True
Let o(m) = 2740*m**3 + m**2 - 3*m + 2. Let f be o(1). Suppose f = x + 3*x. Is x composite?
True
Suppose -2*j - 3*j = 0. Suppose -3*i - 9 = 0, 4*h - 2*i + j*i = 3610. Is h a composite number?
True
Suppose -101*v + 190090 = -91*v. Is v prime?
True
Let b(c) = -c**2 + 10*c - 5. Let h be b(6). Let j(p) = h*p + 0 - 2 + 1 - 1. Is j(4) composite?
True
Let h = -260 - -73. Suppose 17*o - 820 = 15*o. Let q = o + h. Is q prime?
True
Suppose -3*y + 2*t = -y - 24, -5*t = y + 6. Let q be 7/(21/y) + -1. Is (-1)/(-1*q/178) prime?
True
Let s be (30/9)/(6/(-81)). Is ((-1814)/(-4))/(-4 + s/(-10)) prime?
True
Let h(t) = -t**3 - 14*t**2 - 16*t - 13. Let r be (-1*1)/(11/143). Let j be h(r). Suppose 4*k - 334 = -j. Is k prime?
False
Let m(y) = 5688*y - 119. Is m(5) composite?
True
Let z(m) = 9*m**2 + 12*m + 31. Let h be z(21). Suppose 5*c = 2*q + c - h, -2 = c. Is q prime?
False
Let c be (-356)/(-18) - (-14)/63. Suppose -5*z + 10 = -c. Is 0/1 + (z - -83) composite?
False
Suppose 2*d = 3*m - 1, -6 = -3*d + m + m. Suppose 0 = 2*z + 2 - d. Let s(x) = 841*x. Is s(z) prime?
False
Let v be 16/4 + (-2)/1. Suppose d - 3 = -v. Let l(g) = 316*g**3 + g**2 + g - 1. Is l(d) a prime number?
True
Let y(m) = 6*m - m + 132*m**2 + 4 - 4 + 4. Is y(-3) a composite number?
True
Let p = -1 + 4. Suppose 3*x + 2950 = 5*g - 2*x, 3*g + 5*x = 1738. Suppose -p*r + g = -r. Is r a prime number?
True
Suppose -3*d + 17 = 4*g, 4*g + 7*d = 3*d + 20. Is 1 + -1 + g + 1 - -220 composite?
False
Is (-17 - -15)/(2/(-8459)) composite?
True
Let h(b) = -b**2 + 15*b - 21. Let x be h(13). Suppose -n - 3556 = -x*n. Is n a prime number?
False
Let v(s) = -22*s - 39. Let k(g) = -21*g - 38. Let b(y) = -4*k(y) + 3*v(y). Is b(13) a composite number?
False
Let n(r) = -14*r - 48. Let d(i) = -5*i - 16. Let p(u) = 11*d(u) - 4*n(u). Let b = -6 - -16. Is p(b) a prime number?
False
Suppose 33*o - 11*o = 158818. Is o composite?
False
Let g = 476 + -155. Suppose 0 = -3*u - 2*q + 959, -u + 0*q = 2*q - g. Let j = u + -176. Is j prime?
False
Suppose 2*z - 2660 = -4*h + 3*h, -4*h = z - 1330. Suppose z + 179 = 3*g. Is g a composite number?
False
Let q(n) = 2*n**3 + 141*n**2 - 162*n + 232. Is q(-67) a prime number?
True
Let k be 35680/48 + 1/(-3). Let x = 1046 - k. Is x composite?
True
Let z(r) = -r. Let w(h) = 40*h + 13. Let v(x) = w(x) - 3*z(x). Is v(7) a prime number?
False
Let k be 1*5 + -5 + 4. Suppose 5*h + 3*j = 7*j + 3118, 3*j + 2494 = k*h. Is h prime?
False
Suppose 5*o + 10 - 30 = 0. Suppose -3*y + 149 = i, -o*i - y + 240 = -378. Suppose 2*t = t + i. Is t a composite number?
True
Suppose 0 = -u - 2 - 5. Let r(y) = -y**2 - 6*y + 9. Let v be r(u). Suppose -2*o = 4*n - 8*n - 50, -4*o + 94 = -v*n. Is o a composite number?
False
Is (582/3)/(-3 - (-185)/61) prime?
False
Suppose 4*t = -3*i + 23, t - 1 - 6 = -2*i. Suppose -2*u + t*u = 51. Suppose 111 = z + u. Is z a composite number?
True
Suppose 4*t + 30341 = 3*s, 5283 = s - 4*t - 4836. Is s composite?
False
Suppose -10*v + 15*v + 900 = 0. Let m = 85 + v. Is (-4)/((-1)/(-1)) - m a composite number?
True
Let x be (-1 - -2)/((-3)/(-33)). Is 10 - 1 - (-15 + x) prime?
True
Let o be ((-1)/3)/(4/(-456)). Let y = o - -15. Is y composite?
False
Let s(h) be the second derivative of 35*h**3/2 - 13*h**2/2 + 16*h. Is s(10) a prime number?
False
Let n(x) = x**3 + 34*x**2 + 43. Is n(-30) composite?
False
Suppose 3*p + 5*d = 6948, -5*p - d = 6955 - 18557. Is p prime?
False
Suppose -3*n + 3 = -4*n. Let m(r) = -r**2 - 2*r + 3. Let k be m(n). Suppose 158 = -k*d + 2*d. Is d prime?
True
Suppose 109970 = 5*k + 3*u, 3*k = -0*u + 4*u + 65953. Is k prime?
True
Suppose 0 = -17*c + 151455 - 4286. Is c a prime number?
False
Suppose 3 = -7*x + 6*x. Let a(j) = -j**3 - 2*j**2 + j - 3. Let y be a(x). Suppose -5*r + 2*p = -1067, y*p - 1087 = -r - 4*r. Is r prime?
False
Let z be (-14430)/(-14) + (-4)/(-14). Suppose 0*m - 3*m = 5*j - 1049, -5*j + 3*m + z = 0. Let y = -59 + j. Is y a prime number?
True
Let z(u) = 44*u**2 + 27*u**2 - 5*u - 3*u**2 + 1. Is z(4) a composite number?
False
Suppose -3 = -3*y, 4*p - y - 22520 = 56707. Is p a composite number?
True
Let a = 29 - 23. Suppose a*k - 3*f = 3*k - 3, -2*k + f = -2. Suppose g - 1791 = -5*q - k*g, -4*q + 1408 = -3*g. Is q c